v = 4*g + 2*v - 48. What are the prime factors of g?
2, 7
Let n(l) = 2*l**3 - 3*l**3 + l + 6*l**2 - 2 - 1. What are the prime factors of n(6)?
3
Let j(h) = 8*h + 14. List the prime factors of j(2).
2, 3, 5
List the prime factors of (-18 - -14) + (0 - -246).
2, 11
Suppose -2*m - 6 = -0*m. List the prime factors of -3 + m*(-15)/9.
2
Let u = 5 + -4. Let i be (3/u - 4)*0. Suppose -x - 3 = 4*v, 4*x - 3*v = -i*v + 26. List the prime factors of x.
5
Let j(l) = -l**3 + 10*l**2 + l - 12. Let x be j(10). List the prime factors of ((-2)/(-4))/(x/(-68)).
17
Let p(k) = -k - 2. Let d be p(-7). Suppose -2*s - 30 = -d*i, 3*i - 18 = -2*s - 3*s. Suppose -2*t + 32 = 5*n - i, n + 4*t - 4 = 0. List the prime factors of n.
2
Let o(a) = -a**2 + 7*a - 7. Let i be o(5). Let m = i - 1. Suppose m*d - 6 - 16 = 0. List the prime factors of d.
11
Suppose 16 = 5*o - 119. List the prime factors of o.
3
Let s(a) = a**2 - 6*a. Let i be s(6). Let v = i + -3. What are the prime factors of v/(-9) - (-35)/3?
2, 3
Suppose -3*l = 1 - 10. Let m = 5 - l. List the prime factors of (-3)/2 - (-11)/m.
2
Suppose 7 = -z + 34. What are the prime factors of z?
3
Let f be 4/(-10) + 194/10. Let c = f - -3. What are the prime factors of c?
2, 11
Let r(s) be the first derivative of -1/4*s**4 - 3*s + 5/3*s**3 - 1 - 1/2*s**2. What are the prime factors of r(4)?
3
Let q = 224 + -341. What are the prime factors of q/(-12) + (-3)/(-12)?
2, 5
Suppose -6*s + 5*s + 468 = 2*t, 5*s = t + 2296. What are the prime factors of s?
2, 5, 23
Suppose 20*n - 225 = 17*n. What are the prime factors of n?
3, 5
Let t = 25 + -13. List the prime factors of t.
2, 3
Let p(h) = h**2 - 9*h - 11. Let d be p(10). What are the prime factors of d + 42 + -4 + 0?
37
Let j be (5/(-2))/(15/30). Let v = j - -27. What are the prime factors of v?
2, 11
Suppose -4*z + 3*f = -55, 5*f = 8*z - 4*z - 57. Let x = 16 - z. What are the prime factors of x?
3
Let m be (-2)/8 + 21/(-12). Let b = -1 - m. Let a = 14 + b. What are the prime factors of a?
3, 5
Let q(f) = 9*f**2 + 17*f + 19. Let j(k) = 5*k**2 + 9*k + 10. Let d(p) = -7*j(p) + 4*q(p). What are the prime factors of d(-5)?
2, 3
Let a be -2*(10/4)/(-1). Suppose -68 = g - a*g. What are the prime factors of g?
17
Suppose -4*o = -5*h + 7, -2*h - 5 = 5*o - 21. Let v = 10 + -10. Let n = o + v. What are the prime factors of n?
2
What are the prime factors of (8 + -1)/((10/14)/5)?
7
Let x(w) = 55*w + 1. What are the prime factors of x(2)?
3, 37
Let h(s) = s**2 + s + 15. List the prime factors of h(-13).
3, 19
Let v be 3*3/(-9)*-4. Let p(r) = r**2 + 9*r - v*r**2 + 2 + 2*r**2. What are the prime factors of p(8)?
2, 5
Let f = -7 + 4. Let n be (2/(-6))/(f/27). Suppose u - 2*s - 16 = n*s, 0 = u - 2*s - 16. What are the prime factors of u?
2
Let l = -2 - -5. Suppose -l*n - 4*s + 9 = -51, 0 = -n - 5*s + 31. What are the prime factors of n?
2
Suppose 1 = -f + 6. Suppose u + 12 = 5*g - 0*g, -f*u = 3*g + 4. List the prime factors of 4/8 - 9/u.
5
Suppose -2*d - 3*x = 60, 3*d - 2*x = -5*x - 96. Let r = d - -22. What are the prime factors of (-32)/r + (-2)/7?
2
Let o(w) = w**3 - 10*w**2 + 11*w - 6. What are the prime factors of o(9)?
2, 3
Let y(u) = 2*u**2 - 6*u - 5. Let x be y(5). Suppose 3*t + 1 = -8. Let s = x + t. List the prime factors of s.
2, 3
Let w be 2/(-13) + (-140)/(-65). Let k be (w/6)/((-3)/(-36)). Suppose 0*g + 76 = k*g. List the prime factors of g.
19
Suppose 10 = -6*x + 5*x. Let j be (-3)/6*x/1. Suppose -3*z + 1 = 5*s - j, 3*s + 4*z + 3 = 0. List the prime factors of s.
3
Let i(w) = 3*w + 5. Suppose 0*f - 2*f = 0. Suppose 3*m - 2 - 10 = f. List the prime factors of i(m).
17
Suppose 10*r = 13*r - 18. What are the prime factors of ((-2)/r)/(4/(-132))?
11
Let u(a) = 5*a**2 - 2*a**2 + 5 + a - 4*a**2. Let v be u(0). Suppose 0 = 2*q + v - 15. List the prime factors of q.
5
Suppose -4*m - 35 = -5*g, 2*g = -5*m - 11 - 8. Let c(y) = y + 1. Let x be c(1). Suppose x*d = -g*d + 45. What are the prime factors of d?
3
Suppose -82 = -4*q + 5*x, 2*x + 96 = 5*q - x. What are the prime factors of q?
2, 3
List the prime factors of 65 + ((-55)/(-20) - 3/(-12)).
2, 17
Suppose 0 = -s + 5*s - 4. Suppose 0 = -2*m - s + 5. Let b = m + 7. What are the prime factors of b?
3
Let p = 1 + 2. List the prime factors of (-7)/((-11)/(-4) - p).
2, 7
Suppose d + 0*d - 8 = -2*c, -3*c + 12 = -4*d. List the prime factors of ((-9)/4)/((-1)/c).
3
What are the prime factors of (0 - -15)/(2 + -1)?
3, 5
List the prime factors of 5624/24 - (-2)/3.
5, 47
Suppose 3*j = 11*m - 12*m + 28, 12 = 3*m. List the prime factors of j.
2
Let p be (4/5)/((-2)/5). List the prime factors of (-4)/p - -12 - 1.
13
Let t(i) = 9 + i**3 - 3*i - 4*i**2 - 2*i**2 + 0*i. List the prime factors of t(7).
37
Let q = -6 + 11. Suppose 2*d - q = -3, -4*b + 21 = d. Suppose -3*h - k + 27 = 0, -b*k - 10 + 37 = 3*h. What are the prime factors of h?
3
What are the prime factors of -2*(-745)/(-15)*(-6)/4?
149
List the prime factors of ((-3)/3)/((-14)/3836).
2, 137
Let h be ((-15)/(-6))/((-2)/(-4)). Let i be 2/((5/2)/h). Suppose 0 = b - 4*z - 22, -b - i*z = 2*b - 50. What are the prime factors of b?
2, 3
Let z(j) = j - 2. Let r be z(7). Suppose -4*y + r*h = 6*h + 144, 0 = 4*y + 4*h + 156. Let i = y + 54. What are the prime factors of i?
19
Let j(p) = 11*p**3 + 2*p - 1. Let u be j(1). Suppose 14*z - u*z = 34. What are the prime factors of z?
17
Suppose -2*y + 3*o = -104, 2*y - y = 2*o + 53. What are the prime factors of y?
7
Suppose -3*n + 2*h = 3 - 23, -3*h = 2*n - 9. Suppose n*f = f + 5*t + 70, 8 = 4*t. What are the prime factors of f?
2
Let s = -34 + 61. List the prime factors of s.
3
Suppose -15 + 76 = f - 2*g, 3*f - 168 = 3*g. Suppose -4*x - 4*d = -40, -x - 2*x = -4*d - f. Suppose -5*s + x = -17. List the prime factors of s.
2, 3
Let g(a) = -a**2 - 12*a - 6. List the prime factors of g(-9).
3, 7
Suppose a - 3*a = -2, -2*a = -5*f + 123. List the prime factors of f.
5
Let q(c) = 13*c - 68. What are the prime factors of q(15)?
127
Suppose 266 = 2*t + 5*t. List the prime factors of t.
2, 19
Suppose 5*q - 3 = 17. Let f = q - -2. List the prime factors of 52/f - 2/3.
2
Let s(d) = d**3 - 4*d**2 + 4*d - 1. Let o = 2 + 2. Let k(h) = -h**3 + 4*h**2 + 3. Let z be k(o). List the prime factors of s(z).
2
Suppose 27 - 3 = 4*q. What are the prime factors of q?
2, 3
List the prime factors of (204/(-5) - -2)*5*-1.
2, 97
Let o(j) = -j**3 - 7*j**2 + 6*j - 3. What are the prime factors of o(-8)?
13
Let r = -70 - -104. What are the prime factors of r?
2, 17
Suppose -r + 6 = v, r + 5*v = -0 + 14. Suppose x + 3*n - 7 - 4 = 0, 5*n - 58 = -r*x. What are the prime factors of x?
17
Let a(f) = -f + 14. Let z be a(-6). Suppose 0 = j - 0 - z. List the prime factors of j.
2, 5
Let m(l) = -6*l**3 + l**2 - l. Let c be m(2). Let k = -28 - c. What are the prime factors of k?
2, 3
Let v be (-7)/21 - 152/(-6). Let s = -20 + v. What are the prime factors of s?
5
Suppose u + 190 = -9*s + 4*s, -u = 0. Let t = -18 - s. What are the prime factors of t?
2, 5
Suppose 3*j = -308 + 35. List the prime factors of (1 - 5)*j/14.
2, 13
Suppose -5*o + 13 = -2*y - 20, 4*o + y = 16. Suppose 0 = 2*i - o*q - 121, 4*i - 2*q + q - 197 = 0. What are the prime factors of i/18 - 2/3?
2
Let n(r) = 28*r**2 + r + 6. What are the prime factors of n(-2)?
2, 29
Let y be 3 + 2/(2 - 4). Suppose -3 = -r + y*h + h, r - 7 = h. List the prime factors of r.
3
Suppose f + 3*c - 1 = 0, -f + 2*c + 25 = -3*c. Suppose 2*h = -8, -20 - f = -2*d - h. What are the prime factors of d?
17
List the prime factors of (-13152)/(-72) - (-2)/(-3).
2, 7, 13
Suppose -3*h = -h - 58. List the prime factors of h.
29
Let h = -59 + 112. List the prime factors of h.
53
Let x(n) = 4*n**2 + 2*n + 3. Let c be x(4). Suppose 2*v = -3*v + c. Let m = v + -9. List the prime factors of m.
2, 3
Suppose -150 = -4*i + p + 2*p, -p + 158 = 4*i. List the prime factors of i.
3, 13
Let s be 4 + (2 - 4 - 0). Suppose -6*k + s = -5*k. Suppose -2*r + 40 = k*r. List the prime factors of r.
2, 5
Suppose -g = 23 - 86. Let f = 91 - g. What are the prime factors of f?
2, 7
Let g(b) = 2*b**2 - 5*b - 4. Let x be g(4). Suppose -d - 3*d + 8 = -s, s + 4*d = x. Suppose 4*z + 0 - 8 = s. What are the prime factors of z?
2
Let b be (1/(-2))/((-2)/72). Let d = b + -15. List the prime factors of d.
